{"id":12011,"date":"2025-10-27T09:39:05","date_gmt":"2025-10-27T09:39:05","guid":{"rendered":"https:\/\/espaiscerdans.com\/?page_id=12011"},"modified":"2026-03-24T19:23:16","modified_gmt":"2026-03-24T19:23:16","slug":"direccio-obra","status":"publish","type":"page","link":"https:\/\/espaiscerdans.com\/index.php\/serveis\/direccio-obra\/","title":{"rendered":"Direcci\u00f3 i Gesti\u00f3 d&#8217;obra"},"content":{"rendered":"\t\t<div data-elementor-type=\"wp-page\" data-elementor-id=\"12011\" class=\"elementor elementor-12011\" data-elementor-settings=\"{&quot;ha_cmc_init_switcher&quot;:&quot;no&quot;}\">\n\t\t\t\t\t\t<section class=\"elementor-section elementor-top-section elementor-element elementor-element-3ba50149 elementor-section-full_width elementor-section-height-full elementor-section-height-default elementor-section-items-middle parallax_section_no qode_elementor_container_no\" data-id=\"3ba50149\" data-element_type=\"section\" data-e-type=\"section\" data-settings=\"{&quot;background_background&quot;:&quot;classic&quot;,&quot;_ha_eqh_enable&quot;:false}\">\n\t\t\t\t\t\t\t<div class=\"elementor-background-overlay\"><\/div>\n\t\t\t\t\t\t\t<div class=\"elementor-container elementor-column-gap-default\">\n\t\t\t\t\t<div class=\"elementor-column elementor-col-100 elementor-top-column elementor-element elementor-element-45642d15\" data-id=\"45642d15\" data-element_type=\"column\" data-e-type=\"column\">\n\t\t\t<div class=\"elementor-widget-wrap elementor-element-populated\">\n\t\t\t\t\t\t<div class=\"elementor-element elementor-element-1cbcbce5 elementor-widget elementor-widget-heading\" data-id=\"1cbcbce5\" data-element_type=\"widget\" data-e-type=\"widget\" data-widget_type=\"heading.default\">\n\t\t\t\t\t<h2 class=\"elementor-heading-title elementor-size-default\">Direcci\u00f3 i Gesti\u00f3 d\u2019Obra a La Cerdanya<\/h2>\t\t\t\t<\/div>\n\t\t\t\t<div class=\"elementor-element elementor-element-6ec416ad elementor-widget-divider--view-line elementor-widget elementor-widget-divider\" data-id=\"6ec416ad\" data-element_type=\"widget\" data-e-type=\"widget\" data-widget_type=\"divider.default\">\n\t\t\t\t\t\t\t<div class=\"elementor-divider\">\n\t\t\t<span class=\"elementor-divider-separator\">\n\t\t\t\t\t\t<\/span>\n\t\t<\/div>\n\t\t\t\t\t\t<\/div>\n\t\t\t\t<div class=\"elementor-element elementor-element-d035d49 elementor-widget elementor-widget-heading\" data-id=\"d035d49\" data-element_type=\"widget\" data-e-type=\"widget\" data-widget_type=\"heading.default\">\n\t\t\t\t\t<h3 class=\"elementor-heading-title elementor-size-default\">Supervisem cada projecte amb rigor t\u00e8cnic, coordinaci\u00f3 eficient i un seguiment constant per garantir resultats segurs, duradors i d\u2019alta qualitat.<\/h3>\t\t\t\t<\/div>\n\t\t\t\t<div class=\"elementor-element elementor-element-58fb570 elementor-widget elementor-widget-heading\" data-id=\"58fb570\" data-element_type=\"widget\" data-e-type=\"widget\" data-widget_type=\"heading.default\">\n\t\t\t\t\t<h5 class=\"elementor-heading-title elementor-size-default\">A Espais Cerdans oferim un servei integral de direcci\u00f3 i gesti\u00f3 d\u2019obra que garanteix el control complet de cada fase constructiva.\nSupervisem l\u2019execuci\u00f3 sobre el terreny, coordinem equips t\u00e8cnics i industrials, i vetllem perqu\u00e8 cada decisi\u00f3 s\u2019aline\u00ef amb el projecte executiu i el pressupost establert.\nAmb una visi\u00f3 t\u00e8cnica i propera, assegurem terminis reals, execucions precises i la m\u00e0xima qualitat constructiva en cada projecte.\n<\/h5>\t\t\t\t<\/div>\n\t\t\t\t<div class=\"elementor-element elementor-element-929ed01 elementor-widget elementor-widget-eael-creative-button\" data-id=\"929ed01\" data-element_type=\"widget\" data-e-type=\"widget\" data-widget_type=\"eael-creative-button.default\">\n\t\t\t\t\t        <div class=\"eael-creative-button-wrapper\">\n\n            <a class=\"eael-creative-button eael-creative-button--default eael-cb-icon-position-\" href=\"https:\/\/espaiscerdans.com\/index.php\/contacte\/\" data-text=\"clica\">\n            \t    \n                <div class=\"creative-button-inner\">\n\n                    \n                    <span class=\"cretive-button-text\">Contacta'ns<\/span>\n\n                                    <\/div>\n\t                        <\/a>\n        <\/div>\n        \t\t\t\t<\/div>\n\t\t\t\t\t<\/div>\n\t\t<\/div>\n\t\t\t\t\t<\/div>\n\t\t<\/section>\n\t\t\t\t<section class=\"elementor-section elementor-top-section elementor-element elementor-element-24d04ee1 elementor-section-full_width elementor-section-height-default elementor-section-height-default parallax_section_no qode_elementor_container_no\" data-id=\"24d04ee1\" data-element_type=\"section\" data-e-type=\"section\" data-settings=\"{&quot;background_background&quot;:&quot;classic&quot;,&quot;_ha_eqh_enable&quot;:false}\">\n\t\t\t\t\t\t\t<div class=\"elementor-background-overlay\"><\/div>\n\t\t\t\t\t\t\t<div class=\"elementor-container elementor-column-gap-default\">\n\t\t\t\t\t<div class=\"elementor-column elementor-col-100 elementor-top-column elementor-element elementor-element-28b486c7\" data-id=\"28b486c7\" data-element_type=\"column\" data-e-type=\"column\" data-settings=\"{&quot;background_background&quot;:&quot;classic&quot;}\">\n\t\t\t<div class=\"elementor-widget-wrap elementor-element-populated\">\n\t\t\t\t\t\t<section class=\"elementor-section elementor-inner-section elementor-element elementor-element-54a3daa elementor-section-full_width elementor-section-height-default elementor-section-height-default parallax_section_no qode_elementor_container_no\" data-id=\"54a3daa\" data-element_type=\"section\" data-e-type=\"section\" data-settings=\"{&quot;background_background&quot;:&quot;classic&quot;,&quot;_ha_eqh_enable&quot;:false}\">\n\t\t\t\t\t\t\t<div class=\"elementor-background-overlay\"><\/div>\n\t\t\t\t\t\t\t<div class=\"elementor-container elementor-column-gap-no\">\n\t\t\t\t\t<div class=\"elementor-column elementor-col-50 elementor-inner-column elementor-element elementor-element-64e39e15\" data-id=\"64e39e15\" data-element_type=\"column\" data-e-type=\"column\" data-settings=\"{&quot;background_background&quot;:&quot;classic&quot;}\">\n\t\t\t<div class=\"elementor-widget-wrap elementor-element-populated\">\n\t\t\t\t\t\t<div class=\"elementor-element elementor-element-7bb79813 elementor-widget-divider--view-line elementor-widget elementor-widget-divider\" data-id=\"7bb79813\" data-element_type=\"widget\" data-e-type=\"widget\" data-widget_type=\"divider.default\">\n\t\t\t\t\t\t\t<div class=\"elementor-divider\">\n\t\t\t<span class=\"elementor-divider-separator\">\n\t\t\t\t\t\t<\/span>\n\t\t<\/div>\n\t\t\t\t\t\t<\/div>\n\t\t\t\t<div class=\"elementor-element elementor-element-4e4880e5 elementor-widget elementor-widget-heading\" data-id=\"4e4880e5\" data-element_type=\"widget\" data-e-type=\"widget\" data-widget_type=\"heading.default\">\n\t\t\t\t\t<h2 class=\"elementor-heading-title elementor-size-default\">Obres dirigides amb control total<\/h2>\t\t\t\t<\/div>\n\t\t\t\t\t<\/div>\n\t\t<\/div>\n\t\t\t\t<div class=\"elementor-column elementor-col-50 elementor-inner-column elementor-element elementor-element-5f5474be\" data-id=\"5f5474be\" data-element_type=\"column\" data-e-type=\"column\" data-settings=\"{&quot;background_background&quot;:&quot;classic&quot;}\">\n\t\t\t<div class=\"elementor-widget-wrap elementor-element-populated\">\n\t\t\t\t\t\t<div class=\"elementor-element elementor-element-464e054f elementor-widget elementor-widget-text-editor\" data-id=\"464e054f\" data-element_type=\"widget\" data-e-type=\"widget\" data-widget_type=\"text-editor.default\">\n\t\t\t\t\t\t\t\t\t<p class=\"p1\"><span style=\"color: #ffffff;\">A Espais Cerdans gestionem i dirigim cada obra amb una visi\u00f3 t\u00e8cnica i un seguiment constant per garantir resultats impecables.<\/span><\/p><p class=\"p1\"><span style=\"color: #ffffff;\">Supervisem totes les fases del proc\u00e9s constructiu \u2014des de la planificaci\u00f3 fins al lliurament\u2014 assegurant <span class=\"s1\">l\u2019efici\u00e8ncia, la seguretat i la qualitat d\u2019execuci\u00f3<\/span>.<\/span><\/p><p class=\"p1\"><span style=\"color: #ffffff;\">La nostra experi\u00e8ncia en <span class=\"s1\">direcci\u00f3 d\u2019obra a la Cerdanya<\/span> ens permet coordinar equips, optimitzar recursos i complir terminis reals amb una metodologia rigorosa i transparent.<\/span><\/p>\t\t\t\t\t\t\t\t<\/div>\n\t\t\t\t\t<\/div>\n\t\t<\/div>\n\t\t\t\t\t<\/div>\n\t\t<\/section>\n\t\t\t\t\t<\/div>\n\t\t<\/div>\n\t\t\t\t\t<\/div>\n\t\t<\/section>\n\t\t\t\t<section class=\"elementor-section elementor-top-section elementor-element elementor-element-18931c35 elementor-section-boxed elementor-section-height-default elementor-section-height-default parallax_section_no qode_elementor_container_no\" data-id=\"18931c35\" data-element_type=\"section\" data-e-type=\"section\" data-settings=\"{&quot;_ha_eqh_enable&quot;:false}\">\n\t\t\t\t\t\t<div class=\"elementor-container elementor-column-gap-default\">\n\t\t\t\t\t<div class=\"elementor-column elementor-col-100 elementor-top-column elementor-element elementor-element-1355d3e6\" data-id=\"1355d3e6\" data-element_type=\"column\" data-e-type=\"column\">\n\t\t\t<div class=\"elementor-widget-wrap elementor-element-populated\">\n\t\t\t\t\t\t<section class=\"elementor-section elementor-inner-section elementor-element elementor-element-2190f427 elementor-section-boxed elementor-section-height-default elementor-section-height-default parallax_section_no qode_elementor_container_no\" data-id=\"2190f427\" data-element_type=\"section\" data-e-type=\"section\" data-settings=\"{&quot;_ha_eqh_enable&quot;:false}\">\n\t\t\t\t\t\t<div class=\"elementor-container elementor-column-gap-default\">\n\t\t\t\t\t<div class=\"elementor-column elementor-col-33 elementor-inner-column elementor-element elementor-element-25e6847f\" data-id=\"25e6847f\" data-element_type=\"column\" data-e-type=\"column\">\n\t\t\t<div class=\"elementor-widget-wrap elementor-element-populated\">\n\t\t\t\t\t\t<div class=\"elementor-element elementor-element-2b1bb71c ha-infobox-media-dir-top elementor-widget elementor-widget-ha-infobox happy-addon ha-infobox\" data-id=\"2b1bb71c\" data-element_type=\"widget\" data-e-type=\"widget\" data-widget_type=\"ha-infobox.default\">\n\t\t\t\t\t\n\t\t\t\t\t<figure class=\"ha-infobox-figure ha-infobox-figure--icon\">\n\t\t\t\t<i class=\"huge huge-coordinate-01\"><\/i>\t\t\t<\/figure>\n\t\t\n\t\t<div class=\"ha-infobox-body\">\n\t\t\t<h2 class=\"ha-infobox-title\">01. Coordinaci\u00f3 t\u00e8cnica integral<\/h2>\n\t\t\t\t\t\t\t<div class=\"ha-infobox-text\">\n\t\t\t\t\t<p>Supervisem totes les fases del projecte, des de l\u2019estudi inicial fins a l\u2019execuci\u00f3 final\nEns encarreguem de la coordinaci\u00f3 entre promotors, t\u00e8cnics i industrials, assegurant una comunicaci\u00f3 fluida i una execuci\u00f3 sense desviacions.<\/p>\n\t\t\t\t<\/div>\n\t\t\t\n\t\t\t\t\t<\/div>\n\t\t\t\t\t\t<\/div>\n\t\t\t\t\t<\/div>\n\t\t<\/div>\n\t\t\t\t<div class=\"elementor-column elementor-col-33 elementor-inner-column elementor-element elementor-element-2e24af83\" data-id=\"2e24af83\" data-element_type=\"column\" data-e-type=\"column\">\n\t\t\t<div class=\"elementor-widget-wrap elementor-element-populated\">\n\t\t\t\t\t\t<div class=\"elementor-element elementor-element-6d988ce9 ha-infobox-media-dir-top elementor-widget elementor-widget-ha-infobox happy-addon ha-infobox\" data-id=\"6d988ce9\" data-element_type=\"widget\" data-e-type=\"widget\" data-widget_type=\"ha-infobox.default\">\n\t\t\t\t\t\n\t\t\t\t\t<figure class=\"ha-infobox-figure ha-infobox-figure--icon\">\n\t\t\t\t<i class=\"hm hm-tools\"><\/i>\t\t\t<\/figure>\n\t\t\n\t\t<div class=\"ha-infobox-body\">\n\t\t\t<h2 class=\"ha-infobox-title\">02. Control d\u2019execuci\u00f3 i qualitat<\/h2>\n\t\t\t\t\t\t\t<div class=\"ha-infobox-text\">\n\t\t\t\t\t<p>Verifiquem cada etapa constructiva per garantir que els materials, acabats i instal\u00b7lacions compleixin els est\u00e0ndards de qualitat i seguretat establerts.\nAmb un seguiment constant, assegurem una execuci\u00f3 fidel al projecte.<\/p>\n\t\t\t\t<\/div>\n\t\t\t\n\t\t\t\t\t<\/div>\n\t\t\t\t\t\t<\/div>\n\t\t\t\t\t<\/div>\n\t\t<\/div>\n\t\t\t\t<div class=\"elementor-column elementor-col-33 elementor-inner-column elementor-element elementor-element-390c4383\" data-id=\"390c4383\" data-element_type=\"column\" data-e-type=\"column\">\n\t\t\t<div class=\"elementor-widget-wrap elementor-element-populated\">\n\t\t\t\t\t\t<div class=\"elementor-element elementor-element-379bf5bc ha-infobox-media-dir-top elementor-widget elementor-widget-ha-infobox happy-addon ha-infobox\" data-id=\"379bf5bc\" data-element_type=\"widget\" data-e-type=\"widget\" data-widget_type=\"ha-infobox.default\">\n\t\t\t\t\t\n\t\t\t\t\t<figure class=\"ha-infobox-figure ha-infobox-figure--icon\">\n\t\t\t\t<i class=\"huge huge-user-multiple\"><\/i>\t\t\t<\/figure>\n\t\t\n\t\t<div class=\"ha-infobox-body\">\n\t\t\t<h2 class=\"ha-infobox-title\">03. Supervisi\u00f3 i lliurament <\/h2>\n\t\t\t\t\t\t\t<div class=\"ha-infobox-text\">\n\t\t\t\t\t<p>Fem una revisi\u00f3 t\u00e8cnica exhaustiva abans del lliurament, comprovant que l\u2019obra compleix totes les especificacions i normatives.\nDespr\u00e9s de la finalitzaci\u00f3, oferim suport postvenda, garantint la durabilitat de cada projecte.<\/p>\n\t\t\t\t<\/div>\n\t\t\t\n\t\t\t\t\t<\/div>\n\t\t\t\t\t\t<\/div>\n\t\t\t\t\t<\/div>\n\t\t<\/div>\n\t\t\t\t\t<\/div>\n\t\t<\/section>\n\t\t\t\t\t<\/div>\n\t\t<\/div>\n\t\t\t\t\t<\/div>\n\t\t<\/section>\n\t\t\t\t<section class=\"elementor-section elementor-top-section elementor-element elementor-element-34b6236c elementor-section-boxed elementor-section-height-default elementor-section-height-default parallax_section_no qode_elementor_container_no\" data-id=\"34b6236c\" data-element_type=\"section\" data-e-type=\"section\" data-settings=\"{&quot;_ha_eqh_enable&quot;:false}\">\n\t\t\t\t\t\t<div class=\"elementor-container elementor-column-gap-default\">\n\t\t\t\t\t<div class=\"elementor-column elementor-col-100 elementor-top-column elementor-element elementor-element-555748f7\" data-id=\"555748f7\" data-element_type=\"column\" data-e-type=\"column\">\n\t\t\t<div class=\"elementor-widget-wrap elementor-element-populated\">\n\t\t\t\t\t\t<div class=\"elementor-element elementor-element-31deefcf elementor-widget elementor-widget-ha-justified-gallery happy-addon ha-justified-gallery\" data-id=\"31deefcf\" data-element_type=\"widget\" data-e-type=\"widget\" data-settings=\"{&quot;row_height&quot;:{&quot;unit&quot;:&quot;px&quot;,&quot;size&quot;:150,&quot;sizes&quot;:[]},&quot;margins&quot;:{&quot;unit&quot;:&quot;px&quot;,&quot;size&quot;:10,&quot;sizes&quot;:[]},&quot;last_row&quot;:&quot;justify&quot;,&quot;enable_popup&quot;:&quot;yes&quot;}\" data-widget_type=\"ha-justified-gallery.default\">\n\t\t\t\t\t\n\t\t<div class=\"ha-justified-grid__wrap hajs-justified-grid\">\n\t\t\t\t\t\t\t<a href=\"#\" data-mfp-src=\"https:\/\/espaiscerdans.com\/wp-content\/uploads\/2025\/10\/DSC07761-683x1024.jpg\" class=\"ha-justified-grid__item ha-js-lightbox __fltr-1\" title=\"\">\n\t\t\t\t\t<img fetchpriority=\"high\" decoding=\"async\" width=\"768\" height=\"1152\" src=\"https:\/\/espaiscerdans.com\/wp-content\/uploads\/2025\/10\/DSC07761-768x1152.jpg\" class=\"elementor-animation-grow\" alt=\"\" srcset=\"https:\/\/espaiscerdans.com\/wp-content\/uploads\/2025\/10\/DSC07761-768x1152.jpg 768w, https:\/\/espaiscerdans.com\/wp-content\/uploads\/2025\/10\/DSC07761-200x300.jpg 200w, https:\/\/espaiscerdans.com\/wp-content\/uploads\/2025\/10\/DSC07761-683x1024.jpg 683w, https:\/\/espaiscerdans.com\/wp-content\/uploads\/2025\/10\/DSC07761-1024x1536.jpg 1024w, https:\/\/espaiscerdans.com\/wp-content\/uploads\/2025\/10\/DSC07761-1365x2048.jpg 1365w, https:\/\/espaiscerdans.com\/wp-content\/uploads\/2025\/10\/DSC07761-700x1050.jpg 700w, https:\/\/espaiscerdans.com\/wp-content\/uploads\/2025\/10\/DSC07761-scaled.jpg 1707w\" sizes=\"(max-width: 768px) 100vw, 768px\" \/>\t\t\t\t<\/a>\n\t\t\t\t\t\t\t<a href=\"#\" data-mfp-src=\"https:\/\/espaiscerdans.com\/wp-content\/uploads\/2025\/10\/DSC06072-683x1024.jpg\" class=\"ha-justified-grid__item ha-js-lightbox __fltr-1\" title=\"\">\n\t\t\t\t\t<img decoding=\"async\" width=\"768\" height=\"1152\" src=\"https:\/\/espaiscerdans.com\/wp-content\/uploads\/2025\/10\/DSC06072-768x1152.jpg\" class=\"elementor-animation-grow\" alt=\"\" srcset=\"https:\/\/espaiscerdans.com\/wp-content\/uploads\/2025\/10\/DSC06072-768x1152.jpg 768w, https:\/\/espaiscerdans.com\/wp-content\/uploads\/2025\/10\/DSC06072-200x300.jpg 200w, https:\/\/espaiscerdans.com\/wp-content\/uploads\/2025\/10\/DSC06072-683x1024.jpg 683w, https:\/\/espaiscerdans.com\/wp-content\/uploads\/2025\/10\/DSC06072-1024x1536.jpg 1024w, https:\/\/espaiscerdans.com\/wp-content\/uploads\/2025\/10\/DSC06072-1365x2048.jpg 1365w, https:\/\/espaiscerdans.com\/wp-content\/uploads\/2025\/10\/DSC06072-700x1050.jpg 700w, https:\/\/espaiscerdans.com\/wp-content\/uploads\/2025\/10\/DSC06072-scaled.jpg 1706w\" sizes=\"(max-width: 768px) 100vw, 768px\" \/>\t\t\t\t<\/a>\n\t\t\t\t\t\t\t<a href=\"#\" data-mfp-src=\"https:\/\/espaiscerdans.com\/wp-content\/uploads\/2025\/10\/DSC06924-683x1024.jpg\" class=\"ha-justified-grid__item ha-js-lightbox __fltr-1\" title=\"\">\n\t\t\t\t\t<img decoding=\"async\" width=\"768\" height=\"1152\" src=\"https:\/\/espaiscerdans.com\/wp-content\/uploads\/2025\/10\/DSC06924-768x1152.jpg\" class=\"elementor-animation-grow\" alt=\"\" srcset=\"https:\/\/espaiscerdans.com\/wp-content\/uploads\/2025\/10\/DSC06924-768x1152.jpg 768w, https:\/\/espaiscerdans.com\/wp-content\/uploads\/2025\/10\/DSC06924-200x300.jpg 200w, https:\/\/espaiscerdans.com\/wp-content\/uploads\/2025\/10\/DSC06924-683x1024.jpg 683w, https:\/\/espaiscerdans.com\/wp-content\/uploads\/2025\/10\/DSC06924-1024x1536.jpg 1024w, https:\/\/espaiscerdans.com\/wp-content\/uploads\/2025\/10\/DSC06924-1365x2048.jpg 1365w, https:\/\/espaiscerdans.com\/wp-content\/uploads\/2025\/10\/DSC06924-700x1050.jpg 700w, https:\/\/espaiscerdans.com\/wp-content\/uploads\/2025\/10\/DSC06924-scaled.jpg 1707w\" sizes=\"(max-width: 768px) 100vw, 768px\" \/>\t\t\t\t<\/a>\n\t\t\t\t\t\t\t<a href=\"#\" data-mfp-src=\"https:\/\/espaiscerdans.com\/wp-content\/uploads\/2025\/10\/1760433005265.62-Editada-683x1024.jpg\" class=\"ha-justified-grid__item ha-js-lightbox __fltr-1\" title=\"\">\n\t\t\t\t\t<img loading=\"lazy\" decoding=\"async\" width=\"768\" height=\"1152\" src=\"https:\/\/espaiscerdans.com\/wp-content\/uploads\/2025\/10\/1760433005265.62-Editada-768x1152.jpg\" class=\"elementor-animation-grow\" alt=\"\" srcset=\"https:\/\/espaiscerdans.com\/wp-content\/uploads\/2025\/10\/1760433005265.62-Editada-768x1152.jpg 768w, https:\/\/espaiscerdans.com\/wp-content\/uploads\/2025\/10\/1760433005265.62-Editada-200x300.jpg 200w, https:\/\/espaiscerdans.com\/wp-content\/uploads\/2025\/10\/1760433005265.62-Editada-683x1024.jpg 683w, https:\/\/espaiscerdans.com\/wp-content\/uploads\/2025\/10\/1760433005265.62-Editada-1024x1536.jpg 1024w, https:\/\/espaiscerdans.com\/wp-content\/uploads\/2025\/10\/1760433005265.62-Editada-1365x2048.jpg 1365w, https:\/\/espaiscerdans.com\/wp-content\/uploads\/2025\/10\/1760433005265.62-Editada-700x1050.jpg 700w, https:\/\/espaiscerdans.com\/wp-content\/uploads\/2025\/10\/1760433005265.62-Editada-scaled.jpg 1707w\" sizes=\"(max-width: 768px) 100vw, 768px\" \/>\t\t\t\t<\/a>\n\t\t\t\t\t\t\t<a href=\"#\" data-mfp-src=\"https:\/\/espaiscerdans.com\/wp-content\/uploads\/2025\/10\/1760619285482.427-576x1024.jpg\" class=\"ha-justified-grid__item ha-js-lightbox __fltr-1\" title=\"\">\n\t\t\t\t\t<img loading=\"lazy\" decoding=\"async\" width=\"768\" height=\"1365\" src=\"https:\/\/espaiscerdans.com\/wp-content\/uploads\/2025\/10\/1760619285482.427-768x1365.jpg\" class=\"elementor-animation-grow\" alt=\"\" srcset=\"https:\/\/espaiscerdans.com\/wp-content\/uploads\/2025\/10\/1760619285482.427-768x1365.jpg 768w, https:\/\/espaiscerdans.com\/wp-content\/uploads\/2025\/10\/1760619285482.427-169x300.jpg 169w, https:\/\/espaiscerdans.com\/wp-content\/uploads\/2025\/10\/1760619285482.427-576x1024.jpg 576w, https:\/\/espaiscerdans.com\/wp-content\/uploads\/2025\/10\/1760619285482.427-864x1536.jpg 864w, https:\/\/espaiscerdans.com\/wp-content\/uploads\/2025\/10\/1760619285482.427-1152x2048.jpg 1152w, https:\/\/espaiscerdans.com\/wp-content\/uploads\/2025\/10\/1760619285482.427-700x1244.jpg 700w, https:\/\/espaiscerdans.com\/wp-content\/uploads\/2025\/10\/1760619285482.427-scaled.jpg 1440w\" sizes=\"(max-width: 768px) 100vw, 768px\" \/>\t\t\t\t<\/a>\n\t\t\t\t\t\t\t<a href=\"#\" data-mfp-src=\"https:\/\/espaiscerdans.com\/wp-content\/uploads\/2025\/10\/30-1.png\" class=\"ha-justified-grid__item ha-js-lightbox __fltr-1\" title=\"\">\n\t\t\t\t\t<img loading=\"lazy\" decoding=\"async\" width=\"700\" height=\"500\" src=\"https:\/\/espaiscerdans.com\/wp-content\/uploads\/2025\/10\/30-1.png\" class=\"elementor-animation-grow\" alt=\"\" srcset=\"https:\/\/espaiscerdans.com\/wp-content\/uploads\/2025\/10\/30-1.png 700w, https:\/\/espaiscerdans.com\/wp-content\/uploads\/2025\/10\/30-1-300x214.png 300w\" sizes=\"(max-width: 700px) 100vw, 700px\" \/>\t\t\t\t<\/a>\n\t\t\t\t\t\t\t<a href=\"#\" data-mfp-src=\"https:\/\/espaiscerdans.com\/wp-content\/uploads\/2025\/10\/26-1.png\" class=\"ha-justified-grid__item ha-js-lightbox __fltr-1\" title=\"\">\n\t\t\t\t\t<img loading=\"lazy\" decoding=\"async\" width=\"500\" height=\"500\" src=\"https:\/\/espaiscerdans.com\/wp-content\/uploads\/2025\/10\/26-1.png\" class=\"elementor-animation-grow\" alt=\"\" srcset=\"https:\/\/espaiscerdans.com\/wp-content\/uploads\/2025\/10\/26-1.png 500w, https:\/\/espaiscerdans.com\/wp-content\/uploads\/2025\/10\/26-1-300x300.png 300w, https:\/\/espaiscerdans.com\/wp-content\/uploads\/2025\/10\/elementor\/thumbs\/26-1-rd52sq1esr7ekdeqhzryti0vtff5iltgubkimzvrdo.png 150w\" sizes=\"(max-width: 500px) 100vw, 500px\" \/>\t\t\t\t<\/a>\n\t\t\t\t\t\t\t<a href=\"#\" data-mfp-src=\"https:\/\/espaiscerdans.com\/wp-content\/uploads\/2025\/10\/1760619307978.85-576x1024.jpg\" class=\"ha-justified-grid__item ha-js-lightbox __fltr-1\" title=\"\">\n\t\t\t\t\t<img loading=\"lazy\" decoding=\"async\" width=\"768\" height=\"1365\" src=\"https:\/\/espaiscerdans.com\/wp-content\/uploads\/2025\/10\/1760619307978.85-768x1365.jpg\" class=\"elementor-animation-grow\" alt=\"\" srcset=\"https:\/\/espaiscerdans.com\/wp-content\/uploads\/2025\/10\/1760619307978.85-768x1365.jpg 768w, https:\/\/espaiscerdans.com\/wp-content\/uploads\/2025\/10\/1760619307978.85-169x300.jpg 169w, https:\/\/espaiscerdans.com\/wp-content\/uploads\/2025\/10\/1760619307978.85-576x1024.jpg 576w, https:\/\/espaiscerdans.com\/wp-content\/uploads\/2025\/10\/1760619307978.85-864x1536.jpg 864w, https:\/\/espaiscerdans.com\/wp-content\/uploads\/2025\/10\/1760619307978.85-1152x2048.jpg 1152w, https:\/\/espaiscerdans.com\/wp-content\/uploads\/2025\/10\/1760619307978.85-700x1244.jpg 700w, https:\/\/espaiscerdans.com\/wp-content\/uploads\/2025\/10\/1760619307978.85-scaled.jpg 1440w\" sizes=\"(max-width: 768px) 100vw, 768px\" \/>\t\t\t\t<\/a>\n\t\t\t\t\t<\/div>\n\n\t\t\t\t\t\t<\/div>\n\t\t\t\t\t<\/div>\n\t\t<\/div>\n\t\t\t\t\t<\/div>\n\t\t<\/section>\n\t\t\t\t<section class=\"elementor-section elementor-top-section elementor-element elementor-element-2afeee8d elementor-section-boxed elementor-section-height-default elementor-section-height-default parallax_section_no qode_elementor_container_no\" data-id=\"2afeee8d\" data-element_type=\"section\" data-e-type=\"section\" data-settings=\"{&quot;background_background&quot;:&quot;classic&quot;,&quot;_ha_eqh_enable&quot;:false}\">\n\t\t\t\t\t\t<div class=\"elementor-container elementor-column-gap-default\">\n\t\t\t\t\t<div class=\"elementor-column elementor-col-100 elementor-top-column elementor-element elementor-element-3b2d8a9e\" data-id=\"3b2d8a9e\" data-element_type=\"column\" data-e-type=\"column\">\n\t\t\t<div class=\"elementor-widget-wrap elementor-element-populated\">\n\t\t\t\t\t\t<div class=\"elementor-element elementor-element-5d40e565 elementor-widget elementor-widget-heading\" data-id=\"5d40e565\" data-element_type=\"widget\" data-e-type=\"widget\" data-widget_type=\"heading.default\">\n\t\t\t\t\t<h5 class=\"elementor-heading-title elementor-size-default\">Tens m\u00e9s dubtes?<\/h5>\t\t\t\t<\/div>\n\t\t\t\t<div class=\"elementor-element elementor-element-43814f9d elementor-widget elementor-widget-heading\" data-id=\"43814f9d\" data-element_type=\"widget\" data-e-type=\"widget\" data-widget_type=\"heading.default\">\n\t\t\t\t\t<h2 class=\"elementor-heading-title elementor-size-default\">CLICA AQU\u00cd I OMPLE EL FORMULARI<\/h2>\t\t\t\t<\/div>\n\t\t\t\t<div class=\"elementor-element elementor-element-4b21f56b elementor-align-center elementor-widget elementor-widget-button\" data-id=\"4b21f56b\" data-element_type=\"widget\" data-e-type=\"widget\" data-widget_type=\"button.default\">\n\t\t\t\t\t\t\t\t\t\t<a class=\"elementor-button elementor-button-link elementor-size-sm\" href=\"https:\/\/espaiscerdans.com\/index.php\/contacte\/\">\n\t\t\t\t\t\t<span class=\"elementor-button-content-wrapper\">\n\t\t\t\t\t\t\t\t\t<span class=\"elementor-button-text\">Clica aqu\u00ed<\/span>\n\t\t\t\t\t<\/span>\n\t\t\t\t\t<\/a>\n\t\t\t\t\t\t\t\t<\/div>\n\t\t\t\t\t<\/div>\n\t\t<\/div>\n\t\t\t\t\t<\/div>\n\t\t<\/section>\n\t\t\t\t<\/div>\n\t\t","protected":false},"excerpt":{"rendered":"<p>Direcci\u00f3 i Gesti\u00f3 d\u2019Obra a&#8230;<\/p>\n","protected":false},"author":1,"featured_media":0,"parent":9621,"menu_order":0,"comment_status":"closed","ping_status":"closed","template":"elementor_header_footer","meta":{"footnotes":""},"class_list":["post-12011","page","type-page","status-publish","hentry"],"_links":{"self":[{"href":"https:\/\/espaiscerdans.com\/index.php\/wp-json\/wp\/v2\/pages\/12011","targetHints":{"allow":["GET"]}}],"collection":[{"href":"https:\/\/espaiscerdans.com\/index.php\/wp-json\/wp\/v2\/pages"}],"about":[{"href":"https:\/\/espaiscerdans.com\/index.php\/wp-json\/wp\/v2\/types\/page"}],"author":[{"embeddable":true,"href":"https:\/\/espaiscerdans.com\/index.php\/wp-json\/wp\/v2\/users\/1"}],"replies":[{"embeddable":true,"href":"https:\/\/espaiscerdans.com\/index.php\/wp-json\/wp\/v2\/comments?post=12011"}],"version-history":[{"count":24,"href":"https:\/\/espaiscerdans.com\/index.php\/wp-json\/wp\/v2\/pages\/12011\/revisions"}],"predecessor-version":[{"id":12312,"href":"https:\/\/espaiscerdans.com\/index.php\/wp-json\/wp\/v2\/pages\/12011\/revisions\/12312"}],"up":[{"embeddable":true,"href":"https:\/\/espaiscerdans.com\/index.php\/wp-json\/wp\/v2\/pages\/9621"}],"wp:attachment":[{"href":"https:\/\/espaiscerdans.com\/index.php\/wp-json\/wp\/v2\/media?parent=12011"}],"curies":[{"name":"wp","href":"https:\/\/api.w.org\/{rel}","templated":true}]}}