{"id":11961,"date":"2025-10-27T08:07:17","date_gmt":"2025-10-27T08:07:17","guid":{"rendered":"https:\/\/espaiscerdans.com\/?page_id=11961"},"modified":"2026-03-24T19:22:51","modified_gmt":"2026-03-24T19:22:51","slug":"sub-serveis-promocions-residencials-a-la-cerdanya","status":"publish","type":"page","link":"https:\/\/espaiscerdans.com\/index.php\/serveis\/sub-serveis-promocions-residencials-a-la-cerdanya\/","title":{"rendered":"Promocions"},"content":{"rendered":"\t\t<div data-elementor-type=\"wp-page\" data-elementor-id=\"11961\" class=\"elementor elementor-11961\" data-elementor-settings=\"{&quot;ha_cmc_init_switcher&quot;:&quot;no&quot;}\">\n\t\t\t\t\t\t<section class=\"elementor-section elementor-top-section elementor-element elementor-element-3ba50149 elementor-section-full_width elementor-section-height-full elementor-section-height-default elementor-section-items-middle parallax_section_no qode_elementor_container_no\" data-id=\"3ba50149\" data-element_type=\"section\" data-e-type=\"section\" data-settings=\"{&quot;background_background&quot;:&quot;classic&quot;,&quot;_ha_eqh_enable&quot;:false}\">\n\t\t\t\t\t\t\t<div class=\"elementor-background-overlay\"><\/div>\n\t\t\t\t\t\t\t<div class=\"elementor-container elementor-column-gap-default\">\n\t\t\t\t\t<div class=\"elementor-column elementor-col-100 elementor-top-column elementor-element elementor-element-45642d15\" data-id=\"45642d15\" data-element_type=\"column\" data-e-type=\"column\">\n\t\t\t<div class=\"elementor-widget-wrap elementor-element-populated\">\n\t\t\t\t\t\t<div class=\"elementor-element elementor-element-1cbcbce5 elementor-widget elementor-widget-heading\" data-id=\"1cbcbce5\" data-element_type=\"widget\" data-e-type=\"widget\" data-widget_type=\"heading.default\">\n\t\t\t\t\t<h2 class=\"elementor-heading-title elementor-size-default\">Construcci\u00f3 de Promocions Residencials a La Cerdanya<\/h2>\t\t\t\t<\/div>\n\t\t\t\t<div class=\"elementor-element elementor-element-6ec416ad elementor-widget-divider--view-line elementor-widget elementor-widget-divider\" data-id=\"6ec416ad\" data-element_type=\"widget\" data-e-type=\"widget\" data-widget_type=\"divider.default\">\n\t\t\t\t\t\t\t<div class=\"elementor-divider\">\n\t\t\t<span class=\"elementor-divider-separator\">\n\t\t\t\t\t\t<\/span>\n\t\t<\/div>\n\t\t\t\t\t\t<\/div>\n\t\t\t\t<div class=\"elementor-element elementor-element-d035d49 elementor-widget elementor-widget-heading\" data-id=\"d035d49\" data-element_type=\"widget\" data-e-type=\"widget\" data-widget_type=\"heading.default\">\n\t\t\t\t\t<h3 class=\"elementor-heading-title elementor-size-default\">Promocions residencials dissenyades per integrar-se a l\u2019entorn, amb habitatges eficients, duradors i pensats per gaudir de la Cerdanya amb tot el confort.<\/h3>\t\t\t\t<\/div>\n\t\t\t\t<div class=\"elementor-element elementor-element-58fb570 elementor-widget elementor-widget-heading\" data-id=\"58fb570\" data-element_type=\"widget\" data-e-type=\"widget\" data-widget_type=\"heading.default\">\n\t\t\t\t\t<h3 class=\"elementor-heading-title elementor-size-default\">A Espais Cerdans planifiquem i executem promocions de diverses cases que combinen disseny contemporani, materials nobles i tecnologia constructiva d\u2019\u00faltima generaci\u00f3.\nCreem conjunts residencials amb identitat pr\u00f2pia, adaptats al paisatge i a les necessitats reals de qui hi viur\u00e0.<\/h3>\t\t\t\t<\/div>\n\t\t\t\t<div class=\"elementor-element elementor-element-929ed01 elementor-widget elementor-widget-eael-creative-button\" data-id=\"929ed01\" data-element_type=\"widget\" data-e-type=\"widget\" data-widget_type=\"eael-creative-button.default\">\n\t\t\t\t\t        <div class=\"eael-creative-button-wrapper\">\n\n            <a class=\"eael-creative-button eael-creative-button--default eael-cb-icon-position-\" href=\"https:\/\/espaiscerdans.com\/index.php\/contacte\/\" data-text=\"clica\">\n            \t    \n                <div class=\"creative-button-inner\">\n\n                    \n                    <span class=\"cretive-button-text\">Contacta'ns<\/span>\n\n                                    <\/div>\n\t                        <\/a>\n        <\/div>\n        \t\t\t\t<\/div>\n\t\t\t\t\t<\/div>\n\t\t<\/div>\n\t\t\t\t\t<\/div>\n\t\t<\/section>\n\t\t\t\t<section class=\"elementor-section elementor-top-section elementor-element elementor-element-24d04ee1 elementor-section-full_width elementor-section-height-default elementor-section-height-default parallax_section_no qode_elementor_container_no\" data-id=\"24d04ee1\" data-element_type=\"section\" data-e-type=\"section\" data-settings=\"{&quot;background_background&quot;:&quot;classic&quot;,&quot;_ha_eqh_enable&quot;:false}\">\n\t\t\t\t\t\t\t<div class=\"elementor-background-overlay\"><\/div>\n\t\t\t\t\t\t\t<div class=\"elementor-container elementor-column-gap-default\">\n\t\t\t\t\t<div class=\"elementor-column elementor-col-100 elementor-top-column elementor-element elementor-element-28b486c7\" data-id=\"28b486c7\" data-element_type=\"column\" data-e-type=\"column\" data-settings=\"{&quot;background_background&quot;:&quot;classic&quot;}\">\n\t\t\t<div class=\"elementor-widget-wrap elementor-element-populated\">\n\t\t\t\t\t\t<section class=\"elementor-section elementor-inner-section elementor-element elementor-element-54a3daa elementor-section-full_width elementor-section-height-default elementor-section-height-default parallax_section_no qode_elementor_container_no\" data-id=\"54a3daa\" data-element_type=\"section\" data-e-type=\"section\" data-settings=\"{&quot;background_background&quot;:&quot;classic&quot;,&quot;_ha_eqh_enable&quot;:false}\">\n\t\t\t\t\t\t\t<div class=\"elementor-background-overlay\"><\/div>\n\t\t\t\t\t\t\t<div class=\"elementor-container elementor-column-gap-no\">\n\t\t\t\t\t<div class=\"elementor-column elementor-col-50 elementor-inner-column elementor-element elementor-element-64e39e15\" data-id=\"64e39e15\" data-element_type=\"column\" data-e-type=\"column\" data-settings=\"{&quot;background_background&quot;:&quot;classic&quot;}\">\n\t\t\t<div class=\"elementor-widget-wrap elementor-element-populated\">\n\t\t\t\t\t\t<div class=\"elementor-element elementor-element-7bb79813 elementor-widget-divider--view-line elementor-widget elementor-widget-divider\" data-id=\"7bb79813\" data-element_type=\"widget\" data-e-type=\"widget\" data-widget_type=\"divider.default\">\n\t\t\t\t\t\t\t<div class=\"elementor-divider\">\n\t\t\t<span class=\"elementor-divider-separator\">\n\t\t\t\t\t\t<\/span>\n\t\t<\/div>\n\t\t\t\t\t\t<\/div>\n\t\t\t\t<div class=\"elementor-element elementor-element-4e4880e5 elementor-widget elementor-widget-heading\" data-id=\"4e4880e5\" data-element_type=\"widget\" data-e-type=\"widget\" data-widget_type=\"heading.default\">\n\t\t\t\t\t<h2 class=\"elementor-heading-title elementor-size-default\">Construcci\u00f3 eficient i a mida<\/h2>\t\t\t\t<\/div>\n\t\t\t\t\t<\/div>\n\t\t<\/div>\n\t\t\t\t<div class=\"elementor-column elementor-col-50 elementor-inner-column elementor-element elementor-element-5f5474be\" data-id=\"5f5474be\" data-element_type=\"column\" data-e-type=\"column\" data-settings=\"{&quot;background_background&quot;:&quot;classic&quot;}\">\n\t\t\t<div class=\"elementor-widget-wrap elementor-element-populated\">\n\t\t\t\t\t\t<div class=\"elementor-element elementor-element-464e054f elementor-widget elementor-widget-text-editor\" data-id=\"464e054f\" data-element_type=\"widget\" data-e-type=\"widget\" data-widget_type=\"text-editor.default\">\n\t\t\t\t\t\t\t\t\t<p class=\"p1\"><span style=\"color: #ffffff;\">A Espais Cerdans treballem amb un model constructiu propi que uneix t\u00e8cnica, precisi\u00f3 i comprom\u00eds amb el territori.<\/span><\/p><p class=\"p1\"><span style=\"color: #ffffff;\">Cada promoci\u00f3 neix d\u2019un estudi personalitzat del terreny, l\u2019orientaci\u00f3 i els materials per aconseguir un resultat eficient i durador.<\/span><\/p><p class=\"p1\"><span style=\"color: #ffffff;\">Ens encarreguem de tot el proc\u00e9s, des de la planificaci\u00f3 inicial fins al lliurament final, assegurant una execuci\u00f3 acurada i un servei proper amb cada client.<\/span><\/p>\t\t\t\t\t\t\t\t<\/div>\n\t\t\t\t\t<\/div>\n\t\t<\/div>\n\t\t\t\t\t<\/div>\n\t\t<\/section>\n\t\t\t\t\t<\/div>\n\t\t<\/div>\n\t\t\t\t\t<\/div>\n\t\t<\/section>\n\t\t\t\t<section class=\"elementor-section elementor-top-section elementor-element elementor-element-18931c35 elementor-section-boxed elementor-section-height-default elementor-section-height-default parallax_section_no qode_elementor_container_no\" data-id=\"18931c35\" data-element_type=\"section\" data-e-type=\"section\" data-settings=\"{&quot;_ha_eqh_enable&quot;:false}\">\n\t\t\t\t\t\t<div class=\"elementor-container elementor-column-gap-default\">\n\t\t\t\t\t<div class=\"elementor-column elementor-col-100 elementor-top-column elementor-element elementor-element-1355d3e6\" data-id=\"1355d3e6\" data-element_type=\"column\" data-e-type=\"column\">\n\t\t\t<div class=\"elementor-widget-wrap elementor-element-populated\">\n\t\t\t\t\t\t<section class=\"elementor-section elementor-inner-section elementor-element elementor-element-2190f427 elementor-section-boxed elementor-section-height-default elementor-section-height-default parallax_section_no qode_elementor_container_no\" data-id=\"2190f427\" data-element_type=\"section\" data-e-type=\"section\" data-settings=\"{&quot;_ha_eqh_enable&quot;:false}\">\n\t\t\t\t\t\t<div class=\"elementor-container elementor-column-gap-default\">\n\t\t\t\t\t<div class=\"elementor-column elementor-col-33 elementor-inner-column elementor-element elementor-element-25e6847f\" data-id=\"25e6847f\" data-element_type=\"column\" data-e-type=\"column\">\n\t\t\t<div class=\"elementor-widget-wrap elementor-element-populated\">\n\t\t\t\t\t\t<div class=\"elementor-element elementor-element-2b1bb71c ha-infobox-media-dir-top elementor-widget elementor-widget-ha-infobox happy-addon ha-infobox\" data-id=\"2b1bb71c\" data-element_type=\"widget\" data-e-type=\"widget\" data-widget_type=\"ha-infobox.default\">\n\t\t\t\t\t\n\t\t\t\t\t<figure class=\"ha-infobox-figure ha-infobox-figure--icon\">\n\t\t\t\t<i class=\"hm hm-pen-paper\"><\/i>\t\t\t<\/figure>\n\t\t\n\t\t<div class=\"ha-infobox-body\">\n\t\t\t<h2 class=\"ha-infobox-title\">01. Planificaci\u00f3 i gesti\u00f3 global<\/h2>\n\t\t\t\t\t\t\t<div class=\"ha-infobox-text\">\n\t\t\t\t\t<p>Estudiem cada projecte per optimitzar el terreny, l\u2019orientaci\u00f3 i els materials. Definim fases, terminis i pressupostos per garantir una execuci\u00f3 eficient i coordinada.<\/p>\n\t\t\t\t<\/div>\n\t\t\t\n\t\t\t\t\t<\/div>\n\t\t\t\t\t\t<\/div>\n\t\t\t\t\t<\/div>\n\t\t<\/div>\n\t\t\t\t<div class=\"elementor-column elementor-col-33 elementor-inner-column elementor-element elementor-element-2e24af83\" data-id=\"2e24af83\" data-element_type=\"column\" data-e-type=\"column\">\n\t\t\t<div class=\"elementor-widget-wrap elementor-element-populated\">\n\t\t\t\t\t\t<div class=\"elementor-element elementor-element-6d988ce9 ha-infobox-media-dir-top elementor-widget elementor-widget-ha-infobox happy-addon ha-infobox\" data-id=\"6d988ce9\" data-element_type=\"widget\" data-e-type=\"widget\" data-widget_type=\"ha-infobox.default\">\n\t\t\t\t\t\n\t\t\t\t\t<figure class=\"ha-infobox-figure ha-infobox-figure--icon\">\n\t\t\t\t<i class=\"hm hm-tools\"><\/i>\t\t\t<\/figure>\n\t\t\n\t\t<div class=\"ha-infobox-body\">\n\t\t\t<h2 class=\"ha-infobox-title\">02. Execuci\u00f3 t\u00e8cnica<\/h2>\n\t\t\t\t\t\t\t<div class=\"ha-infobox-text\">\n\t\t\t\t\t<p>Supervisem cada fase amb un control t\u00e8cnic rigor\u00f3s.\nUtilitzem materials nobles pedra, fusta i formig\u00f3 per aconseguir qualitat, efici\u00e8ncia i durabilitat.<\/p>\n\t\t\t\t<\/div>\n\t\t\t\n\t\t\t\t\t<\/div>\n\t\t\t\t\t\t<\/div>\n\t\t\t\t\t<\/div>\n\t\t<\/div>\n\t\t\t\t<div class=\"elementor-column elementor-col-33 elementor-inner-column elementor-element elementor-element-390c4383\" data-id=\"390c4383\" data-element_type=\"column\" data-e-type=\"column\">\n\t\t\t<div class=\"elementor-widget-wrap elementor-element-populated\">\n\t\t\t\t\t\t<div class=\"elementor-element elementor-element-379bf5bc ha-infobox-media-dir-top elementor-widget elementor-widget-ha-infobox happy-addon ha-infobox\" data-id=\"379bf5bc\" data-element_type=\"widget\" data-e-type=\"widget\" data-widget_type=\"ha-infobox.default\">\n\t\t\t\t\t\n\t\t\t\t\t<figure class=\"ha-infobox-figure ha-infobox-figure--icon\">\n\t\t\t\t<i class=\"huge huge-user-multiple\"><\/i>\t\t\t<\/figure>\n\t\t\n\t\t<div class=\"ha-infobox-body\">\n\t\t\t<h2 class=\"ha-infobox-title\">03. Lliurament i postvenda <\/h2>\n\t\t\t\t\t\t\t<div class=\"ha-infobox-text\">\n\t\t\t\t\t<p>Verifiquem cada habitatge abans del lliurament i oferim seguiment t\u00e8cnic personalitzat.\nUn servei complet que garanteix confian\u00e7a i resultats duradors.<\/p>\n\t\t\t\t<\/div>\n\t\t\t\n\t\t\t\t\t<\/div>\n\t\t\t\t\t\t<\/div>\n\t\t\t\t\t<\/div>\n\t\t<\/div>\n\t\t\t\t\t<\/div>\n\t\t<\/section>\n\t\t\t\t\t<\/div>\n\t\t<\/div>\n\t\t\t\t\t<\/div>\n\t\t<\/section>\n\t\t\t\t<section class=\"elementor-section elementor-top-section elementor-element elementor-element-34b6236c elementor-section-full_width elementor-section-height-default elementor-section-height-default parallax_section_no qode_elementor_container_no\" data-id=\"34b6236c\" data-element_type=\"section\" data-e-type=\"section\" data-settings=\"{&quot;_ha_eqh_enable&quot;:false}\">\n\t\t\t\t\t\t<div class=\"elementor-container elementor-column-gap-default\">\n\t\t\t\t\t<div class=\"elementor-column elementor-col-100 elementor-top-column elementor-element elementor-element-555748f7\" data-id=\"555748f7\" data-element_type=\"column\" data-e-type=\"column\">\n\t\t\t<div class=\"elementor-widget-wrap elementor-element-populated\">\n\t\t\t\t\t\t<div class=\"elementor-element elementor-element-31deefcf elementor-widget elementor-widget-ha-justified-gallery happy-addon ha-justified-gallery\" data-id=\"31deefcf\" data-element_type=\"widget\" data-e-type=\"widget\" data-settings=\"{&quot;row_height&quot;:{&quot;unit&quot;:&quot;px&quot;,&quot;size&quot;:150,&quot;sizes&quot;:[]},&quot;margins&quot;:{&quot;unit&quot;:&quot;px&quot;,&quot;size&quot;:10,&quot;sizes&quot;:[]},&quot;last_row&quot;:&quot;justify&quot;,&quot;enable_popup&quot;:&quot;yes&quot;}\" data-widget_type=\"ha-justified-gallery.default\">\n\t\t\t\t\t\n\t\t<div class=\"ha-justified-grid__wrap hajs-justified-grid\">\n\t\t\t\t\t\t\t<a href=\"#\" data-mfp-src=\"https:\/\/espaiscerdans.com\/wp-content\/uploads\/2025\/10\/28-1.png\" class=\"ha-justified-grid__item ha-js-lightbox __fltr-1\" title=\"\">\n\t\t\t\t\t<img fetchpriority=\"high\" decoding=\"async\" width=\"700\" height=\"500\" src=\"https:\/\/espaiscerdans.com\/wp-content\/uploads\/2025\/10\/28-1.png\" class=\"elementor-animation-grow\" alt=\"\" srcset=\"https:\/\/espaiscerdans.com\/wp-content\/uploads\/2025\/10\/28-1.png 700w, https:\/\/espaiscerdans.com\/wp-content\/uploads\/2025\/10\/28-1-300x214.png 300w\" sizes=\"(max-width: 700px) 100vw, 700px\" \/>\t\t\t\t<\/a>\n\t\t\t\t\t\t\t<a href=\"#\" data-mfp-src=\"https:\/\/espaiscerdans.com\/wp-content\/uploads\/2025\/10\/23-1.png\" class=\"ha-justified-grid__item ha-js-lightbox __fltr-1\" title=\"\">\n\t\t\t\t\t<img decoding=\"async\" width=\"700\" height=\"500\" src=\"https:\/\/espaiscerdans.com\/wp-content\/uploads\/2025\/10\/23-1.png\" class=\"elementor-animation-grow\" alt=\"\" srcset=\"https:\/\/espaiscerdans.com\/wp-content\/uploads\/2025\/10\/23-1.png 700w, https:\/\/espaiscerdans.com\/wp-content\/uploads\/2025\/10\/23-1-300x214.png 300w\" sizes=\"(max-width: 700px) 100vw, 700px\" \/>\t\t\t\t<\/a>\n\t\t\t\t\t\t\t<a href=\"#\" data-mfp-src=\"https:\/\/espaiscerdans.com\/wp-content\/uploads\/2025\/10\/24-1.png\" class=\"ha-justified-grid__item ha-js-lightbox __fltr-1\" title=\"\">\n\t\t\t\t\t<img decoding=\"async\" width=\"700\" height=\"500\" src=\"https:\/\/espaiscerdans.com\/wp-content\/uploads\/2025\/10\/24-1.png\" class=\"elementor-animation-grow\" alt=\"\" srcset=\"https:\/\/espaiscerdans.com\/wp-content\/uploads\/2025\/10\/24-1.png 700w, https:\/\/espaiscerdans.com\/wp-content\/uploads\/2025\/10\/24-1-300x214.png 300w\" sizes=\"(max-width: 700px) 100vw, 700px\" \/>\t\t\t\t<\/a>\n\t\t\t\t\t\t\t<a href=\"#\" data-mfp-src=\"https:\/\/espaiscerdans.com\/wp-content\/uploads\/2025\/10\/29-1.png\" class=\"ha-justified-grid__item ha-js-lightbox __fltr-1\" title=\"\">\n\t\t\t\t\t<img loading=\"lazy\" decoding=\"async\" width=\"700\" height=\"500\" src=\"https:\/\/espaiscerdans.com\/wp-content\/uploads\/2025\/10\/29-1.png\" class=\"elementor-animation-grow\" alt=\"\" srcset=\"https:\/\/espaiscerdans.com\/wp-content\/uploads\/2025\/10\/29-1.png 700w, https:\/\/espaiscerdans.com\/wp-content\/uploads\/2025\/10\/29-1-300x214.png 300w\" sizes=\"(max-width: 700px) 100vw, 700px\" \/>\t\t\t\t<\/a>\n\t\t\t\t\t\t\t<a href=\"#\" data-mfp-src=\"https:\/\/espaiscerdans.com\/wp-content\/uploads\/2025\/10\/20251014_1125_Modern-Residential-Complex_remix_01k7h0fayqeejtdbw8g17ahcmv-1024x683.png\" class=\"ha-justified-grid__item ha-js-lightbox __fltr-1\" title=\"\">\n\t\t\t\t\t<img loading=\"lazy\" decoding=\"async\" width=\"768\" height=\"512\" src=\"https:\/\/espaiscerdans.com\/wp-content\/uploads\/2025\/10\/20251014_1125_Modern-Residential-Complex_remix_01k7h0fayqeejtdbw8g17ahcmv-768x512.png\" class=\"elementor-animation-grow\" alt=\"\" srcset=\"https:\/\/espaiscerdans.com\/wp-content\/uploads\/2025\/10\/20251014_1125_Modern-Residential-Complex_remix_01k7h0fayqeejtdbw8g17ahcmv-768x512.png 768w, https:\/\/espaiscerdans.com\/wp-content\/uploads\/2025\/10\/20251014_1125_Modern-Residential-Complex_remix_01k7h0fayqeejtdbw8g17ahcmv-300x200.png 300w, https:\/\/espaiscerdans.com\/wp-content\/uploads\/2025\/10\/20251014_1125_Modern-Residential-Complex_remix_01k7h0fayqeejtdbw8g17ahcmv-1024x683.png 1024w, https:\/\/espaiscerdans.com\/wp-content\/uploads\/2025\/10\/20251014_1125_Modern-Residential-Complex_remix_01k7h0fayqeejtdbw8g17ahcmv-700x467.png 700w, https:\/\/espaiscerdans.com\/wp-content\/uploads\/2025\/10\/20251014_1125_Modern-Residential-Complex_remix_01k7h0fayqeejtdbw8g17ahcmv.png 1536w\" sizes=\"(max-width: 768px) 100vw, 768px\" \/>\t\t\t\t<\/a>\n\t\t\t\t\t\t\t<a href=\"#\" data-mfp-src=\"https:\/\/espaiscerdans.com\/wp-content\/uploads\/2025\/10\/IMG_8304-1024x576.jpg\" class=\"ha-justified-grid__item ha-js-lightbox __fltr-1\" title=\"\">\n\t\t\t\t\t<img loading=\"lazy\" decoding=\"async\" width=\"768\" height=\"432\" src=\"https:\/\/espaiscerdans.com\/wp-content\/uploads\/2025\/10\/IMG_8304-768x432.jpg\" class=\"elementor-animation-grow\" alt=\"\" srcset=\"https:\/\/espaiscerdans.com\/wp-content\/uploads\/2025\/10\/IMG_8304-768x432.jpg 768w, https:\/\/espaiscerdans.com\/wp-content\/uploads\/2025\/10\/IMG_8304-300x169.jpg 300w, https:\/\/espaiscerdans.com\/wp-content\/uploads\/2025\/10\/IMG_8304-1024x576.jpg 1024w, https:\/\/espaiscerdans.com\/wp-content\/uploads\/2025\/10\/IMG_8304-1536x864.jpg 1536w, https:\/\/espaiscerdans.com\/wp-content\/uploads\/2025\/10\/IMG_8304-2048x1152.jpg 2048w, https:\/\/espaiscerdans.com\/wp-content\/uploads\/2025\/10\/IMG_8304-700x394.jpg 700w, https:\/\/espaiscerdans.com\/wp-content\/uploads\/2025\/10\/IMG_8304-539x303.jpg 539w\" sizes=\"(max-width: 768px) 100vw, 768px\" \/>\t\t\t\t<\/a>\n\t\t\t\t\t\t\t<a href=\"#\" data-mfp-src=\"https:\/\/espaiscerdans.com\/wp-content\/uploads\/2025\/10\/11.png\" class=\"ha-justified-grid__item ha-js-lightbox __fltr-1\" title=\"\">\n\t\t\t\t\t<img loading=\"lazy\" decoding=\"async\" width=\"700\" height=\"500\" src=\"https:\/\/espaiscerdans.com\/wp-content\/uploads\/2025\/10\/11.png\" class=\"elementor-animation-grow\" alt=\"\" srcset=\"https:\/\/espaiscerdans.com\/wp-content\/uploads\/2025\/10\/11.png 700w, https:\/\/espaiscerdans.com\/wp-content\/uploads\/2025\/10\/11-300x214.png 300w\" sizes=\"(max-width: 700px) 100vw, 700px\" \/>\t\t\t\t<\/a>\n\t\t\t\t\t\t\t<a href=\"#\" data-mfp-src=\"https:\/\/espaiscerdans.com\/wp-content\/uploads\/2025\/10\/5.png\" class=\"ha-justified-grid__item ha-js-lightbox __fltr-1\" title=\"\">\n\t\t\t\t\t<img loading=\"lazy\" decoding=\"async\" width=\"700\" height=\"500\" src=\"https:\/\/espaiscerdans.com\/wp-content\/uploads\/2025\/10\/5.png\" class=\"elementor-animation-grow\" alt=\"\" srcset=\"https:\/\/espaiscerdans.com\/wp-content\/uploads\/2025\/10\/5.png 700w, https:\/\/espaiscerdans.com\/wp-content\/uploads\/2025\/10\/5-300x214.png 300w\" sizes=\"(max-width: 700px) 100vw, 700px\" \/>\t\t\t\t<\/a>\n\t\t\t\t\t\t\t<a href=\"#\" data-mfp-src=\"https:\/\/espaiscerdans.com\/wp-content\/uploads\/2025\/10\/1.png\" class=\"ha-justified-grid__item ha-js-lightbox __fltr-1\" title=\"\">\n\t\t\t\t\t<img loading=\"lazy\" decoding=\"async\" width=\"700\" height=\"500\" src=\"https:\/\/espaiscerdans.com\/wp-content\/uploads\/2025\/10\/1.png\" class=\"elementor-animation-grow\" alt=\"\" srcset=\"https:\/\/espaiscerdans.com\/wp-content\/uploads\/2025\/10\/1.png 700w, https:\/\/espaiscerdans.com\/wp-content\/uploads\/2025\/10\/1-300x214.png 300w\" sizes=\"(max-width: 700px) 100vw, 700px\" \/>\t\t\t\t<\/a>\n\t\t\t\t\t\t\t<a href=\"#\" data-mfp-src=\"https:\/\/espaiscerdans.com\/wp-content\/uploads\/2025\/09\/31-1.png\" class=\"ha-justified-grid__item ha-js-lightbox __fltr-1\" title=\"\">\n\t\t\t\t\t<img loading=\"lazy\" decoding=\"async\" width=\"500\" height=\"500\" src=\"https:\/\/espaiscerdans.com\/wp-content\/uploads\/2025\/09\/31-1.png\" class=\"elementor-animation-grow\" alt=\"\" srcset=\"https:\/\/espaiscerdans.com\/wp-content\/uploads\/2025\/09\/31-1.png 500w, https:\/\/espaiscerdans.com\/wp-content\/uploads\/2025\/09\/31-1-300x300.png 300w, https:\/\/espaiscerdans.com\/wp-content\/uploads\/2025\/09\/31-1-150x150.png 150w\" sizes=\"(max-width: 500px) 100vw, 500px\" \/>\t\t\t\t<\/a>\n\t\t\t\t\t\t\t<a href=\"#\" data-mfp-src=\"https:\/\/espaiscerdans.com\/wp-content\/uploads\/2025\/08\/DSC05397-2-1024x683.jpg\" class=\"ha-justified-grid__item ha-js-lightbox __fltr-1\" title=\"\">\n\t\t\t\t\t<img loading=\"lazy\" decoding=\"async\" width=\"768\" height=\"512\" src=\"https:\/\/espaiscerdans.com\/wp-content\/uploads\/2025\/08\/DSC05397-2-768x512.jpg\" class=\"elementor-animation-grow\" alt=\"\" srcset=\"https:\/\/espaiscerdans.com\/wp-content\/uploads\/2025\/08\/DSC05397-2-768x512.jpg 768w, https:\/\/espaiscerdans.com\/wp-content\/uploads\/2025\/08\/DSC05397-2-300x200.jpg 300w, https:\/\/espaiscerdans.com\/wp-content\/uploads\/2025\/08\/DSC05397-2-1024x683.jpg 1024w, https:\/\/espaiscerdans.com\/wp-content\/uploads\/2025\/08\/DSC05397-2-1536x1024.jpg 1536w, https:\/\/espaiscerdans.com\/wp-content\/uploads\/2025\/08\/DSC05397-2-2048x1365.jpg 2048w, https:\/\/espaiscerdans.com\/wp-content\/uploads\/2025\/08\/DSC05397-2-700x467.jpg 700w\" sizes=\"(max-width: 768px) 100vw, 768px\" \/>\t\t\t\t<\/a>\n\t\t\t\t\t<\/div>\n\n\t\t\t\t\t\t<\/div>\n\t\t\t\t\t<\/div>\n\t\t<\/div>\n\t\t\t\t\t<\/div>\n\t\t<\/section>\n\t\t\t\t<section class=\"elementor-section elementor-top-section elementor-element elementor-element-2afeee8d elementor-section-boxed elementor-section-height-default elementor-section-height-default parallax_section_no qode_elementor_container_no\" data-id=\"2afeee8d\" data-element_type=\"section\" data-e-type=\"section\" data-settings=\"{&quot;background_background&quot;:&quot;classic&quot;,&quot;_ha_eqh_enable&quot;:false}\">\n\t\t\t\t\t\t<div class=\"elementor-container elementor-column-gap-default\">\n\t\t\t\t\t<div class=\"elementor-column elementor-col-100 elementor-top-column elementor-element elementor-element-3b2d8a9e\" data-id=\"3b2d8a9e\" data-element_type=\"column\" data-e-type=\"column\">\n\t\t\t<div class=\"elementor-widget-wrap elementor-element-populated\">\n\t\t\t\t\t\t<div class=\"elementor-element elementor-element-5d40e565 elementor-widget elementor-widget-heading\" data-id=\"5d40e565\" data-element_type=\"widget\" data-e-type=\"widget\" data-widget_type=\"heading.default\">\n\t\t\t\t\t<h5 class=\"elementor-heading-title elementor-size-default\">Tens m\u00e9s dubtes?<\/h5>\t\t\t\t<\/div>\n\t\t\t\t<div class=\"elementor-element elementor-element-43814f9d elementor-widget elementor-widget-heading\" data-id=\"43814f9d\" data-element_type=\"widget\" data-e-type=\"widget\" data-widget_type=\"heading.default\">\n\t\t\t\t\t<h2 class=\"elementor-heading-title elementor-size-default\">CLICA AQU\u00cd I OMPLE EL FORMULARI<\/h2>\t\t\t\t<\/div>\n\t\t\t\t<div class=\"elementor-element elementor-element-4b21f56b elementor-align-center elementor-widget elementor-widget-button\" data-id=\"4b21f56b\" data-element_type=\"widget\" data-e-type=\"widget\" data-widget_type=\"button.default\">\n\t\t\t\t\t\t\t\t\t\t<a class=\"elementor-button elementor-button-link elementor-size-sm\" href=\"https:\/\/espaiscerdans.com\/index.php\/contacte\/\">\n\t\t\t\t\t\t<span class=\"elementor-button-content-wrapper\">\n\t\t\t\t\t\t\t\t\t<span class=\"elementor-button-text\">Clica aqu\u00ed<\/span>\n\t\t\t\t\t<\/span>\n\t\t\t\t\t<\/a>\n\t\t\t\t\t\t\t\t<\/div>\n\t\t\t\t\t<\/div>\n\t\t<\/div>\n\t\t\t\t\t<\/div>\n\t\t<\/section>\n\t\t\t\t<\/div>\n\t\t","protected":false},"excerpt":{"rendered":"<p>Construcci\u00f3 de Promocions Residencials a&#8230;<\/p>\n","protected":false},"author":1,"featured_media":0,"parent":9621,"menu_order":0,"comment_status":"closed","ping_status":"closed","template":"elementor_header_footer","meta":{"footnotes":""},"class_list":["post-11961","page","type-page","status-publish","hentry"],"_links":{"self":[{"href":"https:\/\/espaiscerdans.com\/index.php\/wp-json\/wp\/v2\/pages\/11961","targetHints":{"allow":["GET"]}}],"collection":[{"href":"https:\/\/espaiscerdans.com\/index.php\/wp-json\/wp\/v2\/pages"}],"about":[{"href":"https:\/\/espaiscerdans.com\/index.php\/wp-json\/wp\/v2\/types\/page"}],"author":[{"embeddable":true,"href":"https:\/\/espaiscerdans.com\/index.php\/wp-json\/wp\/v2\/users\/1"}],"replies":[{"embeddable":true,"href":"https:\/\/espaiscerdans.com\/index.php\/wp-json\/wp\/v2\/comments?post=11961"}],"version-history":[{"count":22,"href":"https:\/\/espaiscerdans.com\/index.php\/wp-json\/wp\/v2\/pages\/11961\/revisions"}],"predecessor-version":[{"id":12309,"href":"https:\/\/espaiscerdans.com\/index.php\/wp-json\/wp\/v2\/pages\/11961\/revisions\/12309"}],"up":[{"embeddable":true,"href":"https:\/\/espaiscerdans.com\/index.php\/wp-json\/wp\/v2\/pages\/9621"}],"wp:attachment":[{"href":"https:\/\/espaiscerdans.com\/index.php\/wp-json\/wp\/v2\/media?parent=11961"}],"curies":[{"name":"wp","href":"https:\/\/api.w.org\/{rel}","templated":true}]}}